d by 284?
4
Calculate the remainder when 9535 is divided by 3177.
4
What is the remainder when 4235347 is divided by 79?
78
Calculate the remainder when 432 is divided by 389.
43
What is the remainder when 6865 is divided by 1018?
757
What is the remainder when 33597 is divided by 267?
222
What is the remainder when 210153 is divided by 249?
246
What is the remainder when 174302 is divided by 16?
14
What is the remainder when 2257 is divided by 230?
187
Calculate the remainder when 11627 is divided by 11602.
25
What is the remainder when 1970166 is divided by 10?
6
What is the remainder when 222511 is divided by 111254?
3
What is the remainder when 25675 is divided by 124?
7
Calculate the remainder when 5371 is divided by 764.
23
What is the remainder when 1293 is divided by 389?
126
Calculate the remainder when 94581 is divided by 490.
11
What is the remainder when 2345195 is divided by 1172592?
11
What is the remainder when 874 is divided by 1?
0
What is the remainder when 2607511 is divided by 141?
139
What is the remainder when 7033 is divided by 31?
27
What is the remainder when 73936 is divided by 718?
700
What is the remainder when 576 is divided by 467?
109
Calculate the remainder when 3089 is divided by 329.
128
What is the remainder when 6120 is divided by 686?
632
Calculate the remainder when 13471 is divided by 1035.
16
What is the remainder when 45384 is divided by 22601?
182
What is the remainder when 323320 is divided by 90?
40
What is the remainder when 186297 is divided by 50?
47
What is the remainder when 1014 is divided by 47?
27
Calculate the remainder when 111767 is divided by 1129.
1125
Calculate the remainder when 4164 is divided by 379.
374
Calculate the remainder when 89929 is divided by 391.
390
Calculate the remainder when 10452 is divided by 698.
680
What is the remainder when 238 is divided by 8?
6
What is the remainder when 2701 is divided by 42?
13
Calculate the remainder when 966 is divided by 477.
12
Calculate the remainder when 10928 is divided by 160.
48
Calculate the remainder when 8771 is divided by 175.
21
Calculate the remainder when 414967 is divided by 798.
7
Calculate the remainder when 117019 is divided by 13.
6
What is the remainder when 98946 is divided by 58?
56
Calculate the remainder when 5253 is divided by 136.
85
What is the remainder when 1339901 is divided by 512?
509
What is the remainder when 12971 is divided by 47?
46
What is the remainder when 42510 is divided by 616?
6
Calculate the remainder when 1875 is divided by 170.
5
Calculate the remainder when 32441 is divided by 103.
99
What is the remainder when 24190 is divided by 128?
126
What is the remainder when 23571 is divided by 143?
119
What is the remainder when 112260 is divided by 8?
4
Calculate the remainder when 570302 is divided by 65.
57
What is the remainder when 16336 is divided by 139?
73
What is the remainder when 3146 is divided by 134?
64
What is the remainder when 7978 is divided by 70?
68
Calculate the remainder when 531 is divided by 169.
24
What is the remainder when 9202 is divided by 1836?
22
What is the remainder when 224 is divided by 172?
52
What is the remainder when 11539 is divided by 330?
319
Calculate the remainder when 137171 is divided by 2494.
1
What is the remainder when 28379 is divided by 7067?
111
What is the remainder when 45894 is divided by 225?
219
Calculate the remainder when 24562 is divided by 62.
10
Calculate the remainder when 37154 is divided by 33.
29
Calculate the remainder when 20568 is divided by 59.
36
Calculate the remainder when 1978 is divided by 971.
36
Calculate the remainder when 461654 is divided by 249.
8
Calculate the remainder when 7482 is divided by 3726.
30
What is the remainder when 55766 is divided by 143?
139
Calculate the remainder when 7911 is divided by 44.
35
What is the remainder when 28924 is divided by 9630?
34
What is the remainder when 115973 is divided by 34?
33
Calculate the remainder when 9127 is divided by 979.
316
What is the remainder when 4829 is divided by 194?
173
What is the remainder when 126110 is divided by 16?
14
Calculate the remainder when 29324 is divided by 917.
897
Calculate the remainder when 57322 is divided by 90.
82
Calculate the remainder when 865024 is divided by 132.
28
What is the remainder when 23529 is divided by 233?
229
What is the remainder when 13444 is divided by 367?
232
What is the remainder when 8931 is divided by 595?
6
Calculate the remainder when 11745 is divided by 488.
33
What is the remainder when 104 is divided by 26?
0
What is the remainder when 5375 is divided by 297?
29
What is the remainder when 5438 is divided by 2703?
32
Calculate the remainder when 36663 is divided by 189.
186
Calculate the remainder when 28292 is divided by 255.
242
Calculate the remainder when 78549 is divided by 2310.
9
What is the remainder when 48551 is divided by 6068?
7
What is the remainder when 5798 is divided by 2885?
28
What is the remainder when 26535 is divided by 12898?
739
Calculate the remainder when 27940 is divided by 68.
60
What is the remainder when 651 is divided by 507?
144
What is the remainder when 804 is divided by 547?
257
What is the remainder when 46862 is divided by 232?
230
What is the remainder when 2510 is divided by 27?
26
What is the remainder when 120531 is divided by 257?
255
Calculate the remainder when 8718 is divided by 4349.
20
What is the remainder when 2366 is divided by 2344?
22
What is the remainder when 168790 is divided by 56262?
4
What is the remainder when 2488 is divided by 4?
0
What is the remainder when 258572 is divided by 86174?
50
What is the remainder when 128259 is divided by 128223?
36
What is the remainder when 38967 is divided by 2292?
3
Calculate the remainder when 5148 is divided by 742.
696
Calculate the remainder when 9808 is divided by 151.
144
Calculate the remainder when 606052 is divided by 585.
577
Calculate the remainder when 122069 is divided by 61026.
17
What is the remainder when 75362 is divided by 538?
42
Calculate the remainder when 16732 is divided by 174.
28
Calculate the remainder when 22910 is divided by 16.
14
Calculate the remainder when 616455 is divided by 1004.
1003
What is the remainder when 832 is divided by 772?
60
Calculate the remainder when 6839 is divided by 1143.
1124
Calculate the remainder when 3595 is divided by 28.
11
Calculate the remainder when 7668 is divided by 9.
0
Calculate the remainder when 853 is divided by 408.
37
Calculate the remainder when 543 is divided by 496.
47
What is the remainder when 1550 is divided by 293?
85
Calculate the remainder when 30615 is divided by 6047.
380
Calculate the remainder when 29840 is divided by 68.
56
What is the remainder when 11619 is divided by 826?
55
Calculate the remainder when 82697 is divided by 81.
77
Calculate the remainder when 8780 is divided by 2181.
56
Calculate the remainder when 12394 is divided by 67.
66
What is the remainder when 62492 is divided by 21?
17
Calculate the remainder when 58066 is divided by 139.
103
What is the remainder when 3653235 is divided by 301?
299
Calculate the remainder when 7514 is divided by 387.
161
What is the remainder when 505118 is divided by 410?
408
What is the remainder when 332030 is divided by 595?
20
What is the remainder when 17498 is divided by 5762?
212
What is the remainder when 24980 is divided by 3519?
347
What is the remainder when 648066 is divided by 40502?
34
What is the remainder when 587800 is divided by 23512?
0
What is the remainder when 15459 is divided by 31?
21
Calculate the remainder when 116997 is divided by 84.
69
Calculate the remainder when 19244 is divided by 250.
244
Calculate the remainder when 2523854 is divided by 581.
571
What is the remainder when 2581 is divided by 1277?
27
Calculate the remainder when 2783 is divided by 232.
231
Calculate the remainder when 11772 is divided by 797.
614
Calculate the remainder when 2893 is divided by 70.
23
What is the remainder when 1667 is divided by 209?
204
Calculate the remainder when 4204 is divided by 1370.
94
Calculate the remainder when 13703 is divided by 27.
14
Calculate the remainder when 6116 is divided by 202.
56
Calculate the remainder when 19619 is divided by 6321.
656
Calc